-- phpMyAdmin SQL Dump
-- version 5.1.1
-- https://www.phpmyadmin.net/
--
-- Host: 127.0.0.1
-- Czas generowania: 10 Lis 2022, 14:06
-- Wersja serwera: 10.4.22-MariaDB
-- Wersja PHP: 8.1.2

SET SQL_MODE = "NO_AUTO_VALUE_ON_ZERO";
START TRANSACTION;
SET time_zone = "+00:00";


/*!40101 SET @OLD_CHARACTER_SET_CLIENT=@@CHARACTER_SET_CLIENT */;
/*!40101 SET @OLD_CHARACTER_SET_RESULTS=@@CHARACTER_SET_RESULTS */;
/*!40101 SET @OLD_COLLATION_CONNECTION=@@COLLATION_CONNECTION */;
/*!40101 SET NAMES utf8mb4 */;

--
-- Baza danych: `dane2`
--

-- --------------------------------------------------------

--
-- Struktura tabeli dla tabeli `hobby`
--

CREATE TABLE `hobby` (
  `id` int(10) UNSIGNED NOT NULL,
  `nazwa` varchar(20) DEFAULT NULL
) ENGINE=InnoDB DEFAULT CHARSET=latin1;

--
-- Zrzut danych tabeli `hobby`
--

INSERT INTO `hobby` (`id`, `nazwa`) VALUES
(1, 'muzyka'),
(2, 'film'),
(3, 'biegi'),
(4, 'gimnastyka'),
(5, 'taniec'),
(6, 'komputery'),
(7, 'krymina?y'),
(8, 'nauka'),
(9, 'majsterkowanie'),
(10, 'samochody'),
(11, 'turystyka'),
(12, 'biologia'),
(13, 'sudoku'),
(14, 'numizmatyka'),
(15, 'znaczki pocztowe'),
(16, 'modelarstwo');

-- --------------------------------------------------------

--
-- Struktura tabeli dla tabeli `osoby`
--

CREATE TABLE `osoby` (
  `id` int(10) UNSIGNED NOT NULL,
  `Hobby_id` int(10) UNSIGNED NOT NULL,
  `imie` varchar(20) DEFAULT NULL,
  `nazwisko` varchar(50) DEFAULT NULL,
  `rok_urodzenia` year(4) DEFAULT NULL,
  `opis` text DEFAULT NULL,
  `zdjecie` varchar(100) DEFAULT NULL
) ENGINE=InnoDB DEFAULT CHARSET=latin1;

--
-- Zrzut danych tabeli `osoby`
--

INSERT INTO `osoby` (`id`, `Hobby_id`, `imie`, `nazwisko`, `rok_urodzenia`, `opis`, `zdjecie`) VALUES
(2, 1, 'Monika', 'Kowalska', 1976, 'Z checia Ciebie poznam', 'osoba1.jpg'),
(3, 3, 'Jan', 'Kowalski', 2002, 'Lubie sport', 'osoba5.jpg'),
(4, 5, 'Monika', 'Nowak', 1993, 'ello', 'osoba2.jpg'),
(5, 11, 'Anna', 'Kowalska', 2002, 'Rzym jest cudny!', 'osoba3.jpg'),
(6, 6, 'Grzegorz', 'Konieczny', 1983, 'Polecam nowy procesor XS756FFT', 'osoba6.jpg'),
(7, 3, 'Monika', 'Kopacz', 2009, 'dzi? rano 5 km', 'osoba1.jpg'),
(8, 3, 'Rysiek', 'Kowalski', 1993, 'Pobiegamy razem?', 'osoba7.jpg'),
(9, 12, 'Ewa', 'Krzak', 2008, 'pozdrawiam wszystkich', 'osoba1.jpg'),
(10, 3, 'Roksana', 'Rybnik', 1995, 'pozdrawiam', 'osoba3.jpg'),
(11, 15, 'Grzegorz', 'Roh', 1983, 'Poszukuje znaczkow z 1967 roku', 'osoba6.jpg'),
(12, 11, 'Monika', 'Kowalewska', 1976, 'Z checi? Ciebie poznam', 'osoba1.jpg'),
(13, 16, 'Jan', 'Trzeciak', 2006, 'moje nowe dzielo', 'osoba5.jpg'),
(14, 5, 'Joanna', 'Rysik', 1993, 'hej1', 'osoba2.jpg'),
(15, 10, 'Anna', 'Kownacka', 2003, 'Szukam przyjaciol', 'osoba3.jpg'),
(16, 6, 'Grzegorz', 'Konieczny', 1983, 'Polecam nowy procesor XS756FFT', 'osoba6.jpg'),
(17, 1, 'Monika', 'Lewandowska', 1967, 'slucham Rocka', 'osoba4.jpg'),
(18, 3, 'Ernest', 'Lubomirski', 2004, 'Pobiegamy razem?', 'osoba8.jpg'),
(19, 6, 'Monika', 'Nowak', 1993, 'ello', 'osoba2.jpg'),
(20, 6, 'Anna', 'Kowalska', 2002, 'Rzym jest cudny!', 'osoba3.jpg'),
(21, 6, 'Grzegorz', 'Konieczny', 1983, 'Polecam nowy procesor XS756FFT', 'osoba6.jpg'),
(22, 2, 'Monika', 'Kowalska', 1976, 'Z checia Ciebie poznam', 'osoba1.jpg'),
(23, 3, 'Jan', 'Kowalski', 2002, 'Lubie sport', 'osoba5.jpg'),
(24, 3, 'Monika', 'Nowak', 1993, 'ello', 'osoba2.jpg'),
(25, 4, 'Anna', 'Kowalska', 2002, 'nowy opis', 'osoba3.jpg'),
(26, 5, 'Grzegorz', 'Konieczny', 1983, 'Polecam nowy procesor XS756FFT', 'osoba6.jpg'),
(27, 6, 'Monika', 'Kopacz', 2009, 'dzi? rano 5 km', 'osoba1.jpg'),
(28, 7, 'Rysiek', 'Kowalski', 1993, 'Pobiegamy razem?', 'osoba7.jpg'),
(29, 7, 'Ewa', 'Krzak', 2008, 'pozdrawiam wszystkich', 'osoba1.jpg'),
(30, 8, 'Roksana', 'Rybnik', 1995, 'pozdrawiam', 'osoba3.jpg'),
(31, 8, 'Grzegorz', 'Roh', 1983, 'Poszukuje znaczkow z 1967 roku', 'osoba6.jpg'),
(32, 9, 'Monika', 'Kowalewska', 1976, 'Z checi? Ciebie poznam', 'osoba1.jpg'),
(33, 12, 'Jan', 'Trzeciak', 2006, 'moje nowe dzielo', 'osoba5.jpg'),
(34, 13, 'Joanna', 'Rysik', 1993, 'hej1', 'osoba2.jpg'),
(35, 14, 'Anna', 'Kownacka', 2003, 'Szukam przyjaciol', 'osoba3.jpg'),
(36, 15, 'Grzegorz', 'Konieczny', 1983, 'Polecam nowy procesor XS756FFT', 'osoba6.jpg'),
(37, 1, 'Monika', 'Lewandowska', 1967, 'slucham Rocka', 'osoba4.jpg'),
(38, 3, 'Ernest', 'Lubomirski', 2004, 'Pobiegamy razem?', 'osoba8.jpg'),
(39, 6, 'Monika', 'Nowak', 1993, 'ello', 'osoba2.jpg'),
(40, 6, 'Anna', 'Kowalska', 2002, 'Rzym jest cudny!', 'osoba3.jpg'),
(41, 6, 'Grzegorz', 'Konieczny', 1983, 'Polecam nowy procesor XS756FFT', 'osoba6.jpg');

-- --------------------------------------------------------

--
-- Struktura tabeli dla tabeli `producenci`
--

CREATE TABLE `producenci` (
  `id` int(10) UNSIGNED NOT NULL,
  `nazwa` varchar(100) DEFAULT NULL,
  `adres` varchar(100) DEFAULT NULL,
  `miasto` varchar(20) DEFAULT NULL,
  `rokWspolpraca` year(4) DEFAULT NULL
) ENGINE=InnoDB DEFAULT CHARSET=latin1;

--
-- Zrzut danych tabeli `producenci`
--

INSERT INTO `producenci` (`id`, `nazwa`, `adres`, `miasto`, `rokWspolpraca`) VALUES
(4, 'warzywa-rolnik', '12', 'Jany', 1990),
(5, 'Owoce-rolnik', '23', 'Kosatka', 2010),
(6, 'Owoce4You', '2', 'Jany', 1990),
(7, 'Warzywa4You', '65', 'Krasznice', 2015),
(8, 'FruitFarm', '1', 'Jany', 2001),
(9, 'VideoFun', 'Cybernetyki 3', 'Warszawa', 2000),
(10, 'Video', 'Harcerska 3', 'Tychy', 2010),
(11, 'NaszeFilmy', '23 Kwietnia 44', 'Szczecin', 1990);

-- --------------------------------------------------------

--
-- Struktura tabeli dla tabeli `produkty`
--

CREATE TABLE `produkty` (
  `id` int(10) UNSIGNED NOT NULL,
  `Rodzaje_id` int(10) UNSIGNED NOT NULL,
  `Producenci_id` int(10) UNSIGNED NOT NULL,
  `nazwa` varchar(100) DEFAULT NULL,
  `ilosc` double DEFAULT NULL,
  `opis` text DEFAULT NULL,
  `cena` double DEFAULT NULL,
  `zdjecie` varchar(100) DEFAULT NULL
) ENGINE=InnoDB DEFAULT CHARSET=latin1;

--
-- Zrzut danych tabeli `produkty`
--

INSERT INTO `produkty` (`id`, `Rodzaje_id`, `Producenci_id`, `nazwa`, `ilosc`, `opis`, `cena`, `zdjecie`) VALUES
(1, 1, 8, 'gruszka', 20, 'Klaps', 2.56, 'gruszka.jpg'),
(2, 1, 6, 'morela', 30, '', 5.78, 'morela.jpg'),
(3, 1, 8, 'arbuz', 2, 'czerwony', 2.56, 'arbuz.jpg'),
(4, 1, 5, 'papaja', 5, '', 6.99, 'papaja.jpg'),
(5, 2, 4, 'marchew', 100, '', 1.56, 'marchew.jpg'),
(6, 2, 7, 'ziemniak', 120, 'irys', 3.33, 'ziemniak.jpg'),
(7, 2, 7, 'koper', 2, 'natka', 1.56, 'koper.jpg'),
(8, 2, 4, 'papryka', 50, 'zielona', 10.99, 'papryka.jpg'),
(9, 12, 10, 'Star Wars 1', 1, 'Luke Skywalker i ksiezniczka Leia w walce z ciemna strona mocy', 25, 'star-wars.jpg'),
(10, 7, 9, 'Alien', 1, 'Zaloga statku Nostromo odbiera tajemniczy sygnal i laduje na planetoidzie...', 20, 'alien.jpg'),
(11, 12, 10, 'E.T.', 1, 'Przybysz z innej planety zaprzyjaznia sie z chlopcem i jego rodzina.', 30, 'et.jpg'),
(12, 7, 9, 'Alien2', 1, 'Zaloga statku Nostromo odbiera tajemniczy sygnal i laduje na planetoidzie...', 20, 'alien.jpg'),
(13, 12, 10, 'hobbit2', 1, 'Hobbit Bilbo Baggins wyrusza w niebezpieczna podroz z czarodziejem Gandalfem...', 30, 'hobbit.jpg'),
(14, 12, 10, 'Fantasy2', 1, 'Elfy, krasnoludy i inne fantastyczne itstoty w walce o swoja planete.', 10, 'fantasy.jpg'),
(15, 7, 9, 'Alien3', 1, 'Zaloga statku Nostromo odbiera tajemniczy sygnal i laduje na planetoidzie...', 20, 'alien.jpg'),
(16, 12, 10, 'hobbit3', 1, 'Hobbit Bilbo Baggins wyrusza w niebezpieczna podroz z czarodziejem Gandalfem...', 30, 'hobbit.jpg'),
(17, 12, 10, 'Star Wars 2', 1, 'Luke Skywalker i ksiezniczka Leia w walce z ciemna strona mocy', 25, 'star-wars.jpg'),
(18, 7, 9, 'Alien4', 1, 'Zaloga statku Nostromo odbiera tajemniczy sygnal i laduje na planetoidzie...', 20, 'alien.jpg'),
(19, 12, 10, 'Fantasy', 1, 'Elfy, krasnoludy i inne fantastyczne itstoty w walce o swoja planete.', 10, 'fantasy.jpg'),
(20, 12, 10, 'Star Wars 3', 1, 'Luke Skywalker i ksiezniczka Leia w walce z ciemna strona mocy', 25, 'star-wars.jpg'),
(21, 12, 10, 'hobbit', 1, 'Hobbit Bilbo Baggins wyrusza w niebezpieczna podroz z czarodziejem Gandalfem...', 30, 'hobbit.jpg'),
(22, 11, 11, 'Koralowa wyspa', 1, 'Hamprey Bogart w jednej ze swoich wielkich rol.', 10, 'koralowa_wyspa.jpg'),
(23, 13, 10, 'krokodyl', 1, 'Gigantyczny krokodyl atakuje pewne miasto.', 10, 'krokodyl.jpg'),
(24, 12, 10, 'Star Wars 4', 1, 'Luke Skywalker i ksiezniczka Leia w walce z ciemna strona mocy', 25, 'star-wars.jpg'),
(25, 12, 10, 'SteamPunk', 1, 'Wizja postapokaliptycznej planety', 15, 'steampunk.jpg'),
(47, 1, 4, 'owoc1', 10, '', 9.99, 'owoce.jpg'),
(48, 1, 4, 'owoce', 10, '', 0, 'owoce.jpg'),
(49, 1, 4, 'owoce', 10, '', 22, 'owoce.jpg'),
(50, 1, 4, 'owocki', 10, '', 20, 'owoce.jpg'),
(51, 1, 4, 'kropeczka', 10, '', 2, 'owoce.jpg'),
(52, 1, 4, 'kropeczka', 10, '', 2, 'owoce.jpg'),
(53, 1, 4, 'kropeczka', 10, '', 2, 'owoce.jpg'),
(54, 1, 4, 'owocesuper', 10, '', 44, 'owoce.jpg'),
(55, 1, 4, 'owocesuper', 10, '', 44, 'owoce.jpg');

-- --------------------------------------------------------

--
-- Struktura tabeli dla tabeli `rodzaje`
--

CREATE TABLE `rodzaje` (
  `id` int(10) UNSIGNED NOT NULL,
  `nazwa` varchar(50) DEFAULT NULL
) ENGINE=InnoDB DEFAULT CHARSET=latin1;

--
-- Zrzut danych tabeli `rodzaje`
--

INSERT INTO `rodzaje` (`id`, `nazwa`) VALUES
(1, 'owoce'),
(2, 'warzywa'),
(3, 'oleje'),
(4, 'soki'),
(5, 'sery'),
(6, 'slodycze'),
(7, 'horrory'),
(8, 'kryminalne'),
(9, 'komedie'),
(10, 'familijne'),
(11, 'obyczajowe'),
(12, 'fantastyczne'),
(13, 'przygodowe');

--
-- Indeksy dla zrzutów tabel
--

--
-- Indeksy dla tabeli `hobby`
--
ALTER TABLE `hobby`
  ADD PRIMARY KEY (`id`);

--
-- Indeksy dla tabeli `osoby`
--
ALTER TABLE `osoby`
  ADD PRIMARY KEY (`id`);

--
-- Indeksy dla tabeli `producenci`
--
ALTER TABLE `producenci`
  ADD PRIMARY KEY (`id`);

--
-- Indeksy dla tabeli `produkty`
--
ALTER TABLE `produkty`
  ADD PRIMARY KEY (`id`);

--
-- Indeksy dla tabeli `rodzaje`
--
ALTER TABLE `rodzaje`
  ADD PRIMARY KEY (`id`);

--
-- AUTO_INCREMENT dla zrzuconych tabel
--

--
-- AUTO_INCREMENT dla tabeli `hobby`
--
ALTER TABLE `hobby`
  MODIFY `id` int(10) UNSIGNED NOT NULL AUTO_INCREMENT, AUTO_INCREMENT=17;

--
-- AUTO_INCREMENT dla tabeli `osoby`
--
ALTER TABLE `osoby`
  MODIFY `id` int(10) UNSIGNED NOT NULL AUTO_INCREMENT, AUTO_INCREMENT=42;

--
-- AUTO_INCREMENT dla tabeli `producenci`
--
ALTER TABLE `producenci`
  MODIFY `id` int(10) UNSIGNED NOT NULL AUTO_INCREMENT, AUTO_INCREMENT=12;

--
-- AUTO_INCREMENT dla tabeli `produkty`
--
ALTER TABLE `produkty`
  MODIFY `id` int(10) UNSIGNED NOT NULL AUTO_INCREMENT, AUTO_INCREMENT=56;

--
-- AUTO_INCREMENT dla tabeli `rodzaje`
--
ALTER TABLE `rodzaje`
  MODIFY `id` int(10) UNSIGNED NOT NULL AUTO_INCREMENT, AUTO_INCREMENT=14;
COMMIT;

/*!40101 SET CHARACTER_SET_CLIENT=@OLD_CHARACTER_SET_CLIENT */;
/*!40101 SET CHARACTER_SET_RESULTS=@OLD_CHARACTER_SET_RESULTS */;
/*!40101 SET COLLATION_CONNECTION=@OLD_COLLATION_CONNECTION */;
